{"id":7366,"date":"2015-11-18T08:37:53","date_gmt":"2015-11-18T08:37:53","guid":{"rendered":"http:\/\/interior-design.cmsmasters.net\/?page_id=7366"},"modified":"2023-06-13T21:57:59","modified_gmt":"2023-06-13T19:57:59","slug":"home-store","status":"publish","type":"page","link":"https:\/\/asiakitchen-ge.de\/","title":{"rendered":"Startseite"},"content":{"rendered":"<div id=\"cmsmasters_row_46351931b1\" class=\"cmsmasters_row cmsmasters_color_scheme_default cmsmasters_row_top_default cmsmasters_row_bot_default cmsmasters_row_fullwidth\">\n<div class=\"cmsmasters_row_outer_parent\">\n<div class=\"cmsmasters_row_outer\">\n<div class=\"cmsmasters_row_inner cmsmasters_row_fullwidth\">\n<div class=\"cmsmasters_row_margin\">\n<div id=\"cmsmasters_column_\" class=\"cmsmasters_column one_first\">\n<div class=\"cmsmasters_column_inner\">\n<div class=\"cmsmasters_slider\">\n\t\t\t<!-- START Slider 1 REVOLUTION SLIDER 6.6.3 --><p class=\"rs-p-wp-fix\"><\/p>\n\t\t\t<rs-module-wrap id=\"rev_slider_1_1_wrapper\" data-source=\"gallery\" style=\"visibility:hidden;background:transparent;padding:0;margin:0px auto;margin-top:0;margin-bottom:0;\">\n\t\t\t\t<rs-module id=\"rev_slider_1_1\" style=\"\" data-version=\"6.6.3\">\n\t\t\t\t\t<rs-slides style=\"overflow: hidden; position: absolute;\">\n\t\t\t\t\t\t<rs-slide style=\"position: absolute;\" data-key=\"rs-1\" data-title=\"Slide\" data-in=\"o:0;\" data-out=\"a:false;\">\n\t\t\t\t\t\t\t<img decoding=\"async\" src=\"\/\/asiakitchen-ge.de\/wp-content\/plugins\/revslider\/public\/assets\/assets\/dummy.png\" alt=\"Slide\" title=\"Startseite\" class=\"rev-slidebg tp-rs-img rs-lazyload\" data-lazyload=\"\/\/asiakitchen-ge.de\/wp-content\/plugins\/revslider\/public\/assets\/assets\/transparent.png\" data-no-retina>\n<!--\n\t\t\t\t\t\t\t--><rs-layer\n\t\t\t\t\t\t\t\tid=\"slider-1-slide-1-layer-0\" \n\t\t\t\t\t\t\t\tclass=\"rs-nolc rs-layer-video intrinsic-ignore\"\n\t\t\t\t\t\t\t\tdata-type=\"video\"\n\t\t\t\t\t\t\t\tdata-rsp_ch=\"on\"\n\t\t\t\t\t\t\t\tdata-xy=\"xo:-532px,-469px,-356px,-219px;\"\n\t\t\t\t\t\t\t\tdata-text=\"w:normal;s:20,17,12,7;l:0,22,16,9;\"\n\t\t\t\t\t\t\t\tdata-dim=\"w:2224px,1963px,1491px,919px;h:824px,727px,552px,340px;\"\n\t\t\t\t\t\t\t\tdata-layeronlimit=\"on\"\n\t\t\t\t\t\t\t\tdata-video=\"vfc:true;twa:false;vd:100;rwd:f;noint:t;do:1;l:true;ptimer:false;nse:f;sav:f;afs:f;\"\n\t\t\t\t\t\t\t\tdata-poster=\"\/\/asiakitchen-ge.de\/wp-content\/uploads\/revslider\/video-media\/asia-HV_1_layer.jpeg\"\n\t\t\t\t\t\t\t\tdata-mp4=\"\/\/asiakitchen-ge.de\/wp-content\/uploads\/2022\/11\/asia-HV.mov\"\n\t\t\t\t\t\t\t\tdata-frame_999=\"o:0;st:w;\"\n\t\t\t\t\t\t\t\tstyle=\"z-index:11;\"\n\t\t\t\t\t\t\t>\n\t\t\t\t\t\t\t<\/rs-layer><!--\n-->\t\t\t\t\t\t<\/rs-slide>\n\t\t\t\t\t<\/rs-slides>\n\t\t\t\t<\/rs-module>\n\t\t\t\t<script>\n\t\t\t\t\tsetREVStartSize({c: 'rev_slider_1_1',rl:[1240,1024,778,480],el:[825,768,630,480],gw:[1160,1024,778,480],gh:[825,768,630,480],type:'standard',justify:'',layout:'fullwidth',mh:\"0\"});if (window.RS_MODULES!==undefined && window.RS_MODULES.modules!==undefined && window.RS_MODULES.modules[\"revslider11\"]!==undefined) {window.RS_MODULES.modules[\"revslider11\"].once = false;window.revapi1 = undefined;if (window.RS_MODULES.checkMinimal!==undefined) window.RS_MODULES.checkMinimal()}\n\t\t\t\t<\/script>\n\t\t\t<\/rs-module-wrap>\n\t\t\t<!-- END REVOLUTION SLIDER -->\n<\/div>\n<\/div><\/div>\n<\/div>\n<\/div>\n<\/div>\n<\/div>\n<\/div>\n<div id=\"cmsmasters_row_hi518oo36n\" class=\"cmsmasters_row cmsmasters_color_scheme_default cmsmasters_row_top_default cmsmasters_row_bot_default cmsmasters_row_boxed\">\n<div class=\"cmsmasters_row_outer_parent\">\n<div class=\"cmsmasters_row_outer\">\n<div class=\"cmsmasters_row_inner\">\n<div class=\"cmsmasters_row_margin\">\n<div id=\"cmsmasters_column_qd6q5al9oc\" class=\"cmsmasters_column one_first\">\n<div class=\"cmsmasters_column_inner\"><div id=\"cmsmasters_heading_8s8rmuwmpp\" class=\"cmsmasters_heading_wrap cmsmasters_heading_align_center\">\n\t<h5 class=\"cmsmasters_heading\">Unsere Spezialit\u00e4ten<\/h5>\n<\/div><div id=\"cmsmasters_heading_wb2sroyyd9\" class=\"cmsmasters_heading_wrap cmsmasters_heading_align_center\">\n\t<h2 class=\"cmsmasters_heading\">Die Nr. 1 in deiner Stadt!<\/h2>\n<\/div>\n<\/div><\/div>\n<\/div>\n<\/div>\n<\/div>\n<\/div>\n<\/div>\n<div id=\"cmsmasters_row_zn2gr0khxj\" class=\"cmsmasters_row cmsmasters_color_scheme_default cmsmasters_row_top_default cmsmasters_row_bot_default cmsmasters_row_fullwidth\">\n<div class=\"cmsmasters_row_outer_parent\">\n<div class=\"cmsmasters_row_outer\">\n<div class=\"cmsmasters_row_inner cmsmasters_row_fullwidth\">\n<div class=\"cmsmasters_row_margin\">\n<div id=\"cmsmasters_column_a1ktr5e4c\" class=\"cmsmasters_column one_fourth\">\n<div class=\"cmsmasters_column_inner\"><div id=\"cmsmasters_heading_yh7icgrz4\" class=\"cmsmasters_heading_wrap cmsmasters_heading_align_center\">\n\t<h2 class=\"cmsmasters_heading\"><a href=\"\/?page_id=529#cmsmasters_row_npv51lxhie\">Sushi<\/a><\/h2>\n<\/div>\n<\/div><\/div>\n<div id=\"cmsmasters_column_32o1fhbobm\" class=\"cmsmasters_column one_fourth\">\n<div class=\"cmsmasters_column_inner\"><div id=\"cmsmasters_heading_8col3r6366\" class=\"cmsmasters_heading_wrap cmsmasters_heading_align_center\">\n\t<h2 class=\"cmsmasters_heading\"><a href=\"?page_id=529#cmsmasters_row_ab6fpuoz2a\">Hauptspeisen<\/a><\/h2>\n<\/div>\n<\/div><\/div>\n<div id=\"cmsmasters_column_f3k3i4zw3i\" class=\"cmsmasters_column one_fourth\">\n<div class=\"cmsmasters_column_inner\"><div id=\"cmsmasters_heading_0y2sm4he9t\" class=\"cmsmasters_heading_wrap cmsmasters_heading_align_center\">\n\t<h2 class=\"cmsmasters_heading\"><a href=\"?page_id=529#cmsmasters_row_sg556thsqd\">Snack Boxen<\/a><\/h2>\n<\/div>\n<\/div><\/div>\n<div id=\"cmsmasters_column_orxdolqe6\" class=\"cmsmasters_column one_fourth\">\n<div class=\"cmsmasters_column_inner\"><div id=\"cmsmasters_heading_tml56rzzqk\" class=\"cmsmasters_heading_wrap cmsmasters_heading_align_center\">\n\t<h2 class=\"cmsmasters_heading\"><a href=\"?page_id=529#cmsmasters_row_1zaqne7qug\">Bubble Tea<\/a><\/h2>\n<\/div>\n<\/div><\/div>\n<\/div>\n<\/div>\n<\/div>\n<\/div>\n<\/div>\n<div id=\"cmsmasters_row_4zk73ku1ky\" class=\"cmsmasters_row cmsmasters_color_scheme_default cmsmasters_row_top_default cmsmasters_row_bot_default cmsmasters_row_boxed\">\n<div class=\"cmsmasters_row_outer_parent\">\n<div class=\"cmsmasters_row_outer\">\n<div class=\"cmsmasters_row_inner\">\n<div class=\"cmsmasters_row_margin\">\n<div id=\"cmsmasters_column_8eaidycu6s\" class=\"cmsmasters_column one_first\">\n<div class=\"cmsmasters_column_inner\"><div id=\"cmsmasters_heading_aulq1v9ha9\" class=\"cmsmasters_heading_wrap cmsmasters_heading_align_center\">\n\t<h5 class=\"cmsmasters_heading\">Unser Men\u00fc<\/h5>\n<\/div><div id=\"cmsmasters_heading_r1u9xlizd7\" class=\"cmsmasters_heading_wrap cmsmasters_heading_align_center\">\n\t<h2 class=\"cmsmasters_heading\">Hauptspeisen<\/h2>\n<\/div>\n<\/div><\/div>\n<\/div>\n<\/div>\n<div class=\"cmsmasters_row_inner\">\n<div class=\"cmsmasters_row_margin\">\n<div id=\"cmsmasters_column_fol6xqnoc8\" class=\"cmsmasters_column one_half\">\n<div class=\"cmsmasters_column_inner\"><div id=\"cmsmasters_menu_shortcode_a1og47hbhy\" class=\"cmsmasters_menu\">\n<div id=\"cmsmasters_menu_item_h9zmtq2mm\" class=\"cmsmasters_menu_item menu_best\">\n<div class=\"cmsmasters_menu_item_inner\">\n<div class=\"menu_title_wrap\">\n<h4 class=\"menu_title\">8. Tofu Basilikum (leicht scharf)<\/h4>\n<h6 class=\"cmsmasters_menu_price\">\u20ac8,50<\/h6>\n<\/div>\n<div class=\"cmsmasters_menu_best_feature\">3, 4, 8, 12, 17<\/div>\n<div class=\"menu_feature_list_wrap\">\n<ul class=\"menu_feature_list\">\n<li>Tofu gebraten mit Chilipaste, Knoblauch, Basilikum und Gem\u00fcse<\/li>\n<\/ul>\n<\/div>\n<\/div>\n<\/div>\n<div id=\"cmsmasters_menu_item_xok96ki67p\" class=\"cmsmasters_menu_item menu_best\">\n<div class=\"cmsmasters_menu_item_inner\">\n<div class=\"menu_title_wrap\">\n<h4 class=\"menu_title\">9. Nippon-Nudeln<\/h4>\n<h6 class=\"cmsmasters_menu_price\">\u20ac4,00<\/h6>\n<\/div>\n<div class=\"cmsmasters_menu_best_feature\">2, 3, 8, 12<\/div>\n<div class=\"menu_feature_list_wrap\">\n<ul class=\"menu_feature_list\">\n<li>Nudeln gebraten mit Karottenstreifen, Porree und Sojasprossen<\/li>\n<\/ul>\n<\/div>\n<\/div>\n<\/div>\n<div id=\"cmsmasters_menu_item_9q1g1k11a9\" class=\"cmsmasters_menu_item menu_best\">\n<div class=\"cmsmasters_menu_item_inner\">\n<div class=\"menu_title_wrap\">\n<h4 class=\"menu_title\">10. Veggi Nippon<\/h4>\n<h6 class=\"cmsmasters_menu_price\">\u20ac8,00<\/h6>\n<\/div>\n<div class=\"cmsmasters_menu_best_feature\">12, 18<\/div>\n<div class=\"menu_feature_list_wrap\">\n<ul class=\"menu_feature_list\">\n<li>Frisches Gem\u00fcse im Wok gebraten<\/li>\n<li>nur Gem\u00fcse 9,00\u20ac<\/li>\n<\/ul>\n<\/div>\n<\/div>\n<\/div>\n<div id=\"cmsmasters_menu_item_e2obqo5h2r\" class=\"cmsmasters_menu_item menu_best\">\n<div class=\"cmsmasters_menu_item_inner\">\n<div class=\"menu_title_wrap\">\n<h4 class=\"menu_title\">11. Chicken Yaki<\/h4>\n<h6 class=\"cmsmasters_menu_price\">\u20ac9,50<\/h6>\n<\/div>\n<div class=\"cmsmasters_menu_best_feature\">3, 4, 12, 16, 18<\/div>\n<div class=\"menu_feature_list_wrap\">\n<ul class=\"menu_feature_list\">\n<li>H\u00e4hnchenbrustfilet gebraten mit versch. Gem\u00fcse<\/li>\n<\/ul>\n<\/div>\n<\/div>\n<\/div>\n<div id=\"cmsmasters_menu_item_2hoyx14oj6\" class=\"cmsmasters_menu_item menu_best\">\n<div class=\"cmsmasters_menu_item_inner\">\n<div class=\"menu_title_wrap\">\n<h4 class=\"menu_title\">12. Chicken Basil (scharf)<\/h4>\n<h6 class=\"cmsmasters_menu_price\">\u20ac10,00<\/h6>\n<\/div>\n<div class=\"cmsmasters_menu_best_feature\">3, 4, 12, 16<\/div>\n<div class=\"menu_feature_list_wrap\">\n<ul class=\"menu_feature_list\">\n<li>H\u00e4hnchenbrustfilet gebraten mit Thai-Basilikum, Knoblauch und frischem Gem\u00fcse<\/li>\n<\/ul>\n<\/div>\n<\/div>\n<\/div>\n<div id=\"cmsmasters_menu_item_2nouit2vn\" class=\"cmsmasters_menu_item menu_best\">\n<div class=\"cmsmasters_menu_item_inner\">\n<div class=\"menu_title_wrap\">\n<h4 class=\"menu_title\">13. Chicken Mango (leicht scharf)<\/h4>\n<h6 class=\"cmsmasters_menu_price\">\u20ac10,00<\/h6>\n<\/div>\n<div class=\"cmsmasters_menu_best_feature\">5, 16, 17<\/div>\n<div class=\"menu_feature_list_wrap\">\n<ul class=\"menu_feature_list\">\n<li>H\u00e4hnchenbrustfilet mit frischem Gem\u00fcse in Mangokokos-Sauce<\/li>\n<\/ul>\n<\/div>\n<\/div>\n<\/div>\n<\/div>\n<\/div><\/div>\n<div id=\"cmsmasters_column_zpmz1xto4r\" class=\"cmsmasters_column one_half\">\n<div class=\"cmsmasters_column_inner\"><div id=\"cmsmasters_menu_shortcode_wqyogj4una\" class=\"cmsmasters_menu\">\n<div id=\"cmsmasters_menu_item_yih3hvshe\" class=\"cmsmasters_menu_item menu_best\">\n<div class=\"cmsmasters_menu_item_inner\">\n<div class=\"menu_title_wrap\">\n<h4 class=\"menu_title\">14. Chicken Gam<\/h4>\n<h6 class=\"cmsmasters_menu_price\">\u20ac10,00<\/h6>\n<\/div>\n<div class=\"cmsmasters_menu_best_feature\">3, 4, 12, 13<\/div>\n<div class=\"menu_feature_list_wrap\">\n<ul class=\"menu_feature_list\">\n<li>14. H\u00e4hnchenbrustfilet gebraten mit versch. Gem\u00fcse und Cashew-Kernen<\/li>\n<\/ul>\n<\/div>\n<\/div>\n<\/div>\n<div id=\"cmsmasters_menu_item_a78e15h8is\" class=\"cmsmasters_menu_item menu_best\">\n<div class=\"cmsmasters_menu_item_inner\">\n<div class=\"menu_title_wrap\">\n<h4 class=\"menu_title\">15. Bodha<\/h4>\n<h6 class=\"cmsmasters_menu_price\">\u20ac10,50<\/h6>\n<\/div>\n<div class=\"cmsmasters_menu_best_feature\">4, 8, 12, 16<\/div>\n<div class=\"menu_feature_list_wrap\">\n<ul class=\"menu_feature_list\">\n<li>Rindfleisch w\u00fcrzig gebr. mit verschiedenem Gem\u00fcse<\/li>\n<\/ul>\n<\/div>\n<\/div>\n<\/div>\n<div id=\"cmsmasters_menu_item_dc848e7dsk\" class=\"cmsmasters_menu_item menu_best\">\n<div class=\"cmsmasters_menu_item_inner\">\n<div class=\"menu_title_wrap\">\n<h4 class=\"menu_title\">16. Bo Pe (scharf)<\/h4>\n<h6 class=\"cmsmasters_menu_price\">\u20ac11,00<\/h6>\n<\/div>\n<div class=\"cmsmasters_menu_best_feature\">3, 4, 12, 16<\/div>\n<div class=\"menu_feature_list_wrap\">\n<ul class=\"menu_feature_list\">\n<li>Rindfleisch mit Chili-Peperoni, Paprika, Zwiebeln, Zucchini und buntem Pfeffer<\/li>\n<\/ul>\n<\/div>\n<\/div>\n<\/div>\n<div id=\"cmsmasters_menu_item_h6l5m1uk4e\" class=\"cmsmasters_menu_item menu_best\">\n<div class=\"cmsmasters_menu_item_inner\">\n<div class=\"menu_title_wrap\">\n<h4 class=\"menu_title\">17. Bo Luc Lac (scharf)<\/h4>\n<h6 class=\"cmsmasters_menu_price\">\u20ac11,00<\/h6>\n<\/div>\n<div class=\"cmsmasters_menu_best_feature\">3, 4, 8, 12, 16, 18<\/div>\n<div class=\"menu_feature_list_wrap\">\n<ul class=\"menu_feature_list\">\n<li>Rindfleisch mildem Chili, Knoblauch, Zitronengras und frischem Gem\u00fcse<\/li>\n<\/ul>\n<\/div>\n<\/div>\n<\/div>\n<div id=\"cmsmasters_menu_item_jp3fy2vtx7\" class=\"cmsmasters_menu_item menu_best\">\n<div class=\"cmsmasters_menu_item_inner\">\n<div class=\"menu_title_wrap\">\n<h4 class=\"menu_title\">18. Garnelen Curry (scharf)<\/h4>\n<h6 class=\"cmsmasters_menu_price\">\u20ac12,00<\/h6>\n<\/div>\n<div class=\"cmsmasters_menu_best_feature\">5, 9, 16, 17, 23, 25, 26<\/div>\n<div class=\"menu_feature_list_wrap\">\n<ul class=\"menu_feature_list\">\n<li>Garnelen mit frischem Gem\u00fcse, Kokosmilch in roter Thai-Currry-Sauce<\/li>\n<\/ul>\n<\/div>\n<\/div>\n<\/div>\n<div id=\"cmsmasters_menu_item_onfgb7ku46\" class=\"cmsmasters_menu_item menu_best\">\n<div class=\"cmsmasters_menu_item_inner\">\n<div class=\"menu_title_wrap\">\n<h4 class=\"menu_title\">19. Garn Li (scharf)<\/h4>\n<h6 class=\"cmsmasters_menu_price\">\u20ac12,00<\/h6>\n<\/div>\n<div class=\"cmsmasters_menu_best_feature\">3, 4, 12, 16<\/div>\n<div class=\"menu_feature_list_wrap\">\n<ul class=\"menu_feature_list\">\n<li>Garnelen im Wok gebraten mit Knoblauch, frischem Gem\u00fcse und Thai Basilikum<\/li>\n<\/ul>\n<\/div>\n<\/div>\n<\/div>\n<\/div>\n<\/div><\/div>\n<\/div>\n<\/div>\n<\/div>\n<\/div>\n<\/div>\n<div id=\"cmsmasters_row_v4l0h6wwc\" class=\"cmsmasters_row cmsmasters_color_scheme_default cmsmasters_row_top_default cmsmasters_row_bot_default cmsmasters_row_boxed\">\n<div class=\"cmsmasters_row_outer_parent\">\n<div class=\"cmsmasters_row_outer\">\n<div class=\"cmsmasters_row_inner\">\n<div class=\"cmsmasters_row_margin\">\n<div id=\"cmsmasters_column_ny5gfj6w2e\" class=\"cmsmasters_column one_first\">\n<div class=\"cmsmasters_column_inner\"><div id=\"cmsmasters_button_evyd1sb48\" class=\"button_wrap\"><a href=\"?page_id=529\" class=\"cmsmasters_button cmsmasters_but_clear_styles cmsmasters_but_bd_underline\"><span>Men\u00fc \u00f6ffnen<\/span><\/a><\/div>\n<\/div><\/div>\n<\/div>\n<\/div>\n<\/div>\n<\/div>\n<\/div>\n<div id=\"cmsmasters_row_n7nabg74xu\" class=\"cmsmasters_row cmsmasters_color_scheme_default cmsmasters_row_top_default cmsmasters_row_bot_default cmsmasters_row_fullwidth\">\n<div class=\"cmsmasters_row_outer_parent\">\n<div class=\"cmsmasters_row_outer\">\n<div class=\"cmsmasters_row_inner cmsmasters_row_fullwidth\">\n<div class=\"cmsmasters_row_margin\">\n<div id=\"cmsmasters_column_85e379xx8\" class=\"cmsmasters_column one_first\">\n<div class=\"cmsmasters_column_inner\"><div id=\"cmsmasters_heading_5pnrbzezxl\" class=\"cmsmasters_heading_wrap cmsmasters_heading_align_center\">\n\t<h2 class=\"cmsmasters_heading\">Wir freuen uns sehr, Sie begr\u00fc\u00dfen zu d\u00fcrfen<\/h2>\n<\/div><div id=\"cmsmasters_heading_cu8bmhpkm\" class=\"cmsmasters_heading_wrap cmsmasters_heading_align_center\">\n\t<h5 class=\"cmsmasters_heading\">MONTAG &#8211; SAMSTAG : 10:30 &#8211; 20:30 UHR<\/h5>\n<\/div>\n<\/div><\/div>\n<\/div>\n<\/div>\n<\/div>\n<\/div>\n<\/div>\n<div id=\"cmsmasters_row_ss2wnnecvs\" class=\"cmsmasters_row cmsmasters_color_scheme_default cmsmasters_row_top_default cmsmasters_row_bot_default cmsmasters_row_boxed\">\n<div class=\"cmsmasters_row_outer_parent\">\n<div class=\"cmsmasters_row_outer\">\n<div class=\"cmsmasters_row_inner\">\n<div class=\"cmsmasters_row_margin\">\n<div id=\"cmsmasters_column_pg7nrja6g\" class=\"cmsmasters_column one_first\">\n<div class=\"cmsmasters_column_inner\"><div class=\"aligncenter\"><div class=\"cmsmasters_img  cmsmasters_image_c\"><img decoding=\"async\" src=\"https:\/\/asiakitchen-ge.de\/wp-content\/uploads\/2022\/12\/logopng-e1670796989438-300x282.png\" \/><\/div><\/div><div id=\"cmsmasters_heading_rqz5s0nlua\" class=\"cmsmasters_heading_wrap cmsmasters_heading_align_center\">\n\t<h5 class=\"cmsmasters_heading\">MONTAG &#8211; SAMSTAG: 10:30 &#8211; 20:30<\/h5>\n<\/div><div id=\"cmsmasters_heading_s3xdf7z\" class=\"cmsmasters_heading_wrap cmsmasters_heading_align_center\">\n\t<h5 class=\"cmsmasters_heading\">Bahnhofsvorpl. 5, 45879 Gelsenkirchen<\/h5>\n<\/div><div id=\"cmsmasters_button_hzpgcz1w9k\" class=\"button_wrap\"><a href=\"https:\/\/www.ubereats.com\/de\/store\/asiakitchen\/IfXjFdMvXEizIP7RfdbTsA?utm_campaign=place-action-link&#038;utm_medium=organic&#038;utm_source=google\" class=\"cmsmasters_button cmsmasters_but_clear_styles cmsmasters_but_bd_underline\"><span>Bestellung aufgeben (Uber Eats)<\/span><\/a><\/div>\n<\/div><\/div>\n<\/div>\n<\/div>\n<div class=\"cmsmasters_row_inner\">\n<div class=\"cmsmasters_row_margin\">\n<div id=\"cmsmasters_column_klwn8gt618\" class=\"cmsmasters_column one_third\">\n<div class=\"cmsmasters_column_inner\"><\/div><\/div>\n<div id=\"cmsmasters_column_j0ifyt9fzh\" class=\"cmsmasters_column one_third cmsmasters_icons_center\">\n<div class=\"cmsmasters_column_inner\"><div id=\"cmsmasters_button_z2jge1wtcp\" class=\"button_wrap\"><a href=\"\/?page_id=3\" class=\"cmsmasters_button\"><span>Datenschutzerkl\u00e4rung<\/span><\/a><\/div>\n<div id=\"cmsmasters_button_jtfip33ay\" class=\"button_wrap\"><a href=\"\/?page_id=11812\" class=\"cmsmasters_button\"><span>Impressum<\/span><\/a><\/div>\n<\/div><\/div>\n<div id=\"cmsmasters_column_rnviwk6zo\" class=\"cmsmasters_column one_third\">\n<div class=\"cmsmasters_column_inner\"><\/div><\/div>\n<\/div>\n<\/div>\n<\/div>\n<\/div>\n<\/div>\n<div id=\"cmsmasters_row_zi4lndmc2m\" class=\"cmsmasters_row cmsmasters_color_scheme_default cmsmasters_row_top_default cmsmasters_row_bot_default cmsmasters_row_boxed\">\n<div class=\"cmsmasters_row_outer_parent\">\n<div class=\"cmsmasters_row_outer\">\n<div class=\"cmsmasters_row_inner\">\n<div class=\"cmsmasters_row_margin\">\n<div id=\"cmsmasters_column_dzl7oqnjc2\" class=\"cmsmasters_column one_first\">\n<div class=\"cmsmasters_column_inner\"><p><\/p>\n<\/div><\/div>\n<\/div>\n<\/div>\n<\/div>\n<\/div>\n<\/div>\n<div id=\"cmsmasters_row_0x7eqbv2k9\" class=\"cmsmasters_row cmsmasters_color_scheme_default cmsmasters_row_top_default cmsmasters_row_bot_default cmsmasters_row_boxed\">\n<div class=\"cmsmasters_row_outer_parent\">\n<div class=\"cmsmasters_row_outer\">\n<div class=\"cmsmasters_row_inner\">\n<div class=\"cmsmasters_row_margin\">\n<div id=\"cmsmasters_column_hjfpw95he\" class=\"cmsmasters_column one_first\">\n<div class=\"cmsmasters_column_inner\"><div class=\"custom_js\">\n<script type=\"text\/javascript\">\nvideo=getElementsByTagName('video');\nfunction removeControls(video){\n  video.removeAttribute('controls');\n}\nwindow.onload=removeControls(video);<\/script>\n<\/div>\n<\/div><\/div>\n<\/div>\n<\/div>\n<\/div>\n<\/div>\n<\/div>\n\n","protected":false},"excerpt":{"rendered":"","protected":false},"author":1,"featured_media":14978,"parent":0,"menu_order":0,"comment_status":"closed","ping_status":"closed","template":"","meta":{"footnotes":""},"class_list":["post-7366","page","type-page","status-publish","has-post-thumbnail","hentry"],"yoast_head":"<!-- This site is optimized with the Yoast SEO plugin v19.10 - https:\/\/yoast.com\/wordpress\/plugins\/seo\/ -->\n<title>Startseite - asiakitchen-ge.de<\/title>\n<meta name=\"robots\" content=\"index, follow, max-snippet:-1, max-image-preview:large, max-video-preview:-1\" \/>\n<link rel=\"canonical\" href=\"https:\/\/asiakitchen-ge.de\/\" \/>\n<meta property=\"og:locale\" content=\"de_DE\" \/>\n<meta property=\"og:type\" content=\"article\" \/>\n<meta property=\"og:title\" content=\"Startseite - asiakitchen-ge.de\" \/>\n<meta property=\"og:url\" content=\"https:\/\/asiakitchen-ge.de\/\" \/>\n<meta property=\"og:site_name\" content=\"asiakitchen-ge.de\" \/>\n<meta property=\"article:modified_time\" content=\"2023-06-13T19:57:59+00:00\" \/>\n<meta property=\"og:image\" content=\"http:\/\/asiakitchen-ge.de\/wp-content\/uploads\/2022\/12\/cropped-ak-scaled-1.jpg\" \/>\n\t<meta property=\"og:image:width\" content=\"512\" \/>\n\t<meta property=\"og:image:height\" content=\"512\" \/>\n\t<meta property=\"og:image:type\" content=\"image\/jpeg\" \/>\n<meta name=\"twitter:card\" content=\"summary_large_image\" \/>\n<meta name=\"twitter:label1\" content=\"Gesch\u00e4tzte Lesezeit\" \/>\n\t<meta name=\"twitter:data1\" content=\"5\u00a0Minuten\" \/>\n<script type=\"application\/ld+json\" class=\"yoast-schema-graph\">{\"@context\":\"https:\/\/schema.org\",\"@graph\":[{\"@type\":\"WebPage\",\"@id\":\"https:\/\/asiakitchen-ge.de\/\",\"url\":\"https:\/\/asiakitchen-ge.de\/\",\"name\":\"Startseite - asiakitchen-ge.de\",\"isPartOf\":{\"@id\":\"https:\/\/asiakitchen-ge.de\/#website\"},\"datePublished\":\"2015-11-18T08:37:53+00:00\",\"dateModified\":\"2023-06-13T19:57:59+00:00\",\"breadcrumb\":{\"@id\":\"https:\/\/asiakitchen-ge.de\/#breadcrumb\"},\"inLanguage\":\"de\",\"potentialAction\":[{\"@type\":\"ReadAction\",\"target\":[\"https:\/\/asiakitchen-ge.de\/\"]}]},{\"@type\":\"BreadcrumbList\",\"@id\":\"https:\/\/asiakitchen-ge.de\/#breadcrumb\",\"itemListElement\":[{\"@type\":\"ListItem\",\"position\":1,\"name\":\"Startseite\",\"item\":\"https:\/\/asiakitchen-ge.de\/\"},{\"@type\":\"ListItem\",\"position\":2,\"name\":\"Startseite\"}]},{\"@type\":\"WebSite\",\"@id\":\"https:\/\/asiakitchen-ge.de\/#website\",\"url\":\"https:\/\/asiakitchen-ge.de\/\",\"name\":\"asiakitchen-ge.de\",\"description\":\"\",\"potentialAction\":[{\"@type\":\"SearchAction\",\"target\":{\"@type\":\"EntryPoint\",\"urlTemplate\":\"https:\/\/asiakitchen-ge.de\/?s={search_term_string}\"},\"query-input\":\"required name=search_term_string\"}],\"inLanguage\":\"de\"}]}<\/script>\n<!-- \/ Yoast SEO plugin. -->","yoast_head_json":{"title":"Startseite - asiakitchen-ge.de","robots":{"index":"index","follow":"follow","max-snippet":"max-snippet:-1","max-image-preview":"max-image-preview:large","max-video-preview":"max-video-preview:-1"},"canonical":"https:\/\/asiakitchen-ge.de\/","og_locale":"de_DE","og_type":"article","og_title":"Startseite - asiakitchen-ge.de","og_url":"https:\/\/asiakitchen-ge.de\/","og_site_name":"asiakitchen-ge.de","article_modified_time":"2023-06-13T19:57:59+00:00","og_image":[{"width":512,"height":512,"url":"http:\/\/asiakitchen-ge.de\/wp-content\/uploads\/2022\/12\/cropped-ak-scaled-1.jpg","type":"image\/jpeg"}],"twitter_card":"summary_large_image","twitter_misc":{"Gesch\u00e4tzte Lesezeit":"5\u00a0Minuten"},"schema":{"@context":"https:\/\/schema.org","@graph":[{"@type":"WebPage","@id":"https:\/\/asiakitchen-ge.de\/","url":"https:\/\/asiakitchen-ge.de\/","name":"Startseite - asiakitchen-ge.de","isPartOf":{"@id":"https:\/\/asiakitchen-ge.de\/#website"},"datePublished":"2015-11-18T08:37:53+00:00","dateModified":"2023-06-13T19:57:59+00:00","breadcrumb":{"@id":"https:\/\/asiakitchen-ge.de\/#breadcrumb"},"inLanguage":"de","potentialAction":[{"@type":"ReadAction","target":["https:\/\/asiakitchen-ge.de\/"]}]},{"@type":"BreadcrumbList","@id":"https:\/\/asiakitchen-ge.de\/#breadcrumb","itemListElement":[{"@type":"ListItem","position":1,"name":"Startseite","item":"https:\/\/asiakitchen-ge.de\/"},{"@type":"ListItem","position":2,"name":"Startseite"}]},{"@type":"WebSite","@id":"https:\/\/asiakitchen-ge.de\/#website","url":"https:\/\/asiakitchen-ge.de\/","name":"asiakitchen-ge.de","description":"","potentialAction":[{"@type":"SearchAction","target":{"@type":"EntryPoint","urlTemplate":"https:\/\/asiakitchen-ge.de\/?s={search_term_string}"},"query-input":"required name=search_term_string"}],"inLanguage":"de"}]}},"_links":{"self":[{"href":"https:\/\/asiakitchen-ge.de\/index.php?rest_route=\/wp\/v2\/pages\/7366","targetHints":{"allow":["GET"]}}],"collection":[{"href":"https:\/\/asiakitchen-ge.de\/index.php?rest_route=\/wp\/v2\/pages"}],"about":[{"href":"https:\/\/asiakitchen-ge.de\/index.php?rest_route=\/wp\/v2\/types\/page"}],"author":[{"embeddable":true,"href":"https:\/\/asiakitchen-ge.de\/index.php?rest_route=\/wp\/v2\/users\/1"}],"replies":[{"embeddable":true,"href":"https:\/\/asiakitchen-ge.de\/index.php?rest_route=%2Fwp%2Fv2%2Fcomments&post=7366"}],"version-history":[{"count":11,"href":"https:\/\/asiakitchen-ge.de\/index.php?rest_route=\/wp\/v2\/pages\/7366\/revisions"}],"predecessor-version":[{"id":15136,"href":"https:\/\/asiakitchen-ge.de\/index.php?rest_route=\/wp\/v2\/pages\/7366\/revisions\/15136"}],"wp:featuredmedia":[{"embeddable":true,"href":"https:\/\/asiakitchen-ge.de\/index.php?rest_route=\/wp\/v2\/media\/14978"}],"wp:attachment":[{"href":"https:\/\/asiakitchen-ge.de\/index.php?rest_route=%2Fwp%2Fv2%2Fmedia&parent=7366"}],"curies":[{"name":"wp","href":"https:\/\/api.w.org\/{rel}","templated":true}]}}